 divided by x(-4)?
8
Let b(z) = 82*z - 127. Calculate the remainder when b(16) is divided by 33.
30
Calculate the remainder when 44 is divided by (20/(-25))/(2/(-70)).
16
Calculate the remainder when 47 is divided by (-1)/(-2)*-2 - -6.
2
Let a be 8/(-28) + 779/7. Suppose -a - 21 = -2*n. Suppose 4*g - 8 = 0, x - 3*x + n = -4*g. What is the remainder when x is divided by 19?
18
Let i(x) = -x**2 - 14*x + 3. Let r be i(-16). Let q = r - -41. What is the remainder when 71 is divided by q?
11
Let z(p) = 32*p**2 + 2*p. Let r be z(-1). Let m = r + -13. Calculate the remainder when 45 is divided by m.
11
Suppose -2*h + 80 - 19 = -5*v, -2*v = 10. What is the remainder when 38 is divided by h?
2
Let b = -14 + 19. Let u(n) = -1. Let r(p) = 7*p - 3. Let s(d) = -r(d) + 5*u(d). Calculate the remainder when s(-2) is divided by b.
2
Let v(d) = -14*d - 12. Let q(h) = 2*h + 36. Let u be q(-19). What is the remainder when 108 is divided by v(u)?
12
Let a(v) = v**2 + v + 7. Let p = 15 - 18. Let c be (-6)/(-3) + 1 + p. What is the remainder when 11 is divided by a(c)?
4
Let u = 454 - 413. What is the remainder when 120 is divided by u?
38
Suppose 2*a - 77 - 47 = 0. What is the remainder when a is divided by 24?
14
Let m be (-2)/4 - (-21)/42. Let n(u) = -u**2 - 2*u + 17. What is the remainder when n(m) is divided by 11?
6
Let a = -231 - -234. What is the remainder when 7 is divided by a?
1
Let c = 557 + 8. Calculate the remainder when c is divided by 4.
1
Let a be (7 - 9) + 0*2/(-4). Calculate the remainder when (a + 141 + -1)*10/20 is divided by 14.
13
Let l = -31 - -33. What is the remainder when 3 + 22 - (l + 0) is divided by 12?
11
Suppose -27*m + 30*m = 39. Suppose -4*z - 2*r = 120 - 422, -5*z + 379 = 4*r. What is the remainder when z is divided by m?
10
What is the remainder when 178 is divided by -2*9/6 + (-144)/(-24)?
1
Let k(t) = 2*t**3 - 8*t**2 + 12*t - 11. Let o(a) = -a**3 + 4*a**2 - 6*a + 5. Let m(i) = -3*k(i) - 7*o(i). What is the remainder when m(5) is divided by 27?
26
What is the remainder when 146 is divided by ((-3465)/154)/((-6)/16)?
26
Suppose 5*q - 121 = -36. Let j(a) = 6*a + 8. Let c(d) = 1. Let g(i) = 4*c(i) - j(i). Calculate the remainder when g(-6) is divided by q.
15
Let u(r) = r**3 + 21*r**2 + r + 26. Let l be u(-21). Suppose -20 = -l*k, -4*k - 34 = -3*p - 8. What is the remainder when 82 is divided by p?
12
Let b(i) = i**3 - 10*i**2 + 17*i + 4. Let w = 108 + -51. Calculate the remainder when w is divided by b(8).
9
Suppose -3*z - 21 = -5*l, -l + 5 = -0*l - z. Suppose -l*s + 54 = -3*t, 0*s + 16 = s - 2*t. What is the remainder when 58 is divided by s?
18
Let x(n) = -n + 49. Let y be x(8). Let h = -34 + y. Suppose 0 = 5*j - 4*a - 40, -3*j - 5*a = 1 + 12. Calculate the remainder when h is divided by j.
3
Let s = -250 - -268. Let o = 54 - 29. Suppose -2*f = 3*f - o. Calculate the remainder when s is divided by f.
3
Let j be (2/6)/((4/6)/(-2)). What is the remainder when (-2)/(3/126*j) - -2 is divided by 22?
20
Let l(g) = -3*g**2 - 16*g - 5. Let c be l(-8). Let y = -1 - c. What is the remainder when y is divided by 23?
22
Let f(w) be the first derivative of 4*w**3/3 - 3*w**2/2 - 3*w - 1. Let x = 8996 + -8982. What is the remainder when f(3) is divided by x?
10
Suppose -5*p + 2029 = 1964. What is the remainder when -4*3*2*-1 is divided by p?
11
Let j(b) = 2*b**2 - 4. Suppose i = 5*g - 50, -5*g + 3*i + 10 = -4*g. Calculate the remainder when j(-4) is divided by g.
8
What is the remainder when 117 is divided by (-48)/(-108) + (-496)/(-18)?
5
Let i(v) = -6*v - 10. Let f be i(-3). What is the remainder when 14 is divided by 4 + f/(-1 - -3)?
6
Let w be 2/(((-4)/(-158))/(-1)). Let v = -37 - w. Suppose -2*r + 6*r + 14 - 74 = 0. What is the remainder when v is divided by r?
12
Let s(p) = p**2 + 34*p + 164. What is the remainder when 103 is divided by s(-5)?
8
Let z(x) = 18*x**2 - 1. Let j = 38 + -33. Suppose w + j*p + 1 + 4 = 0, 3*p - 31 = -4*w. What is the remainder when z(1) is divided by w?
7
Let l(z) = 5*z + z + 2*z + 2*z. What is the remainder when 57 is divided by l(2)?
17
Suppose -w = -g + 25, 74 = 3*g + 4*w - 6*w. Let k(m) = -69*m**3 + 2*m**2 - m - 1. Let o = 138 + -139. What is the remainder when k(o) is divided by g?
23
Let p(h) = h**3 + 34*h**2 - 37*h - 41. What is the remainder when 55 is divided by p(-35)?
26
Let p = -261 + 279. Suppose 0*b = b. Suppose b = -c + 3*c - 106. Calculate the remainder when c is divided by p.
17
Let f = 268 + -278. Let d = -11 - -8. Calculate the remainder when 24 is divided by (105/f)/d*4.
10
Let t be 26 + (-3 - 0 - -1). What is the remainder when (-6)/t - (-555)/12 is divided by 24?
22
Suppose 25*m + 53925 = 40*m. Calculate the remainder when m is divided by 109.
107
Suppose -k = -4*k + 2*f + 15, 5*f = 0. Let r be 1/k + 176/20. Let p(j) = -j**2 + 13*j - 11. What is the remainder when 70 is divided by p(r)?
20
Suppose 4*j + 1 - 4 = a, -a + 1 = -2*j. Let c(z) = z**3 - 7*z**2 + 7*z + 8. Suppose -26 = -4*y - 2. Calculate the remainder when c(y) is divided by a.
4
Suppose -2*p = -2*f, -p + 6*f = f. Suppose p = w - 2*w + 31. Suppose 3*j = -7 + w. What is the remainder when 13 is divided by j?
5
Suppose -c = s - 21, 0 = -4*c + 2*s - 18 + 120. What is the remainder when 26 is divided by c?
2
Calculate the remainder when 202 is divided by (-4)/(-18) + 9842/342.
28
Let c(g) = -32. Let l(r) = r. Let x(u) = c(u) + 2*l(u). Calculate the remainder when 29 is divided by x(22).
5
Suppose t + 0 = 7. Suppose t*u - 22 = 5*u. Calculate the remainder when u is divided by 7.
4
Let m(s) = 173*s - 316. What is the remainder when 45 is divided by m(2)?
15
Let q = 157 - 107. Let s = q + -38. Calculate the remainder when 66 is divided by s.
6
Suppose 32 = -3*a + 14. Calculate the remainder when 158 is divided by ((-196)/a - 1) + 16/48.
30
Let c = -590 + 711. Calculate the remainder when c is divided by 25.
21
Suppose 4*c + 0*b - 304 = -5*b, 4*c - 2*b - 276 = 0. What is the remainder when 351 is divided by c?
67
Let u be (-40)/(-15)*(-42)/8. Let l = -10 - u. Suppose -5*i = -3*j + j - 45, -l*j - 45 = -5*i. Calculate the remainder when 17 is divided by i.
8
Let p(o) = o + 6. Let g(f) = -f**2 - 12*f - 8. Let d be g(-10). Let c(q) = 14*q**2 - 3*q + 3. What is the remainder when c(2) is divided by p(d)?
17
Suppose 4*f - 20 - 196 = 0. Let s = f + -13. Suppose 0 = 2*n - n - 11. Calculate the remainder when s is divided by n.
8
Let h(t) = 15 - 38 + 20*t - 15*t. What is the remainder when h(14) is divided by 17?
13
Suppose -159 + 783 = 6*c. Calculate the remainder when c is divided by 53.
51
Let q = 70 + -35. Suppose -2*n - 82 = -4*r, 37*n + 7 = -r + 32*n. Calculate the remainder when q is divided by r.
17
Suppose -4*i + 3*l + 1633 = 0, -2*i + i + l + 408 = 0. Calculate the remainder when i is divided by 102.
1
Calculate the remainder when 809*(10 + (-45)/5) is divided by 18.
17
What is the remainder when 1/(6/(-339))*(7 + -9) is divided by 23?
21
Suppose -t + 13 = 5. Let c(n) = 2*n - 2. Let y be c(t). Suppose o + 0*o = y. What is the remainder when 55 is divided by o?
13
Suppose 5*l - 60 = -0*l. Suppose 0 = -3*y - 3 + l. Suppose -92 = -4*n + 3*u, -3*n - y*u = -0*n - 48. Calculate the remainder when 39 is divided by n.
19
Suppose -7*t + 90 = -2*t. Suppose -2*j = j + t. What is the remainder when 60 is divided by (j + 8)*9/2?
6
Let k(n) = -n**3 + 7*n**2 + 2*n + 14. Let z be (2/4)/(3/90). Let o = z - -1. Calculate the remainder when k(6) is divided by o.
14
Let z be 182/(-21) - (-2)/(-6). Let d(a) = 3*a**2 + 16*a + 4. What is the remainder when d(z) is divided by 21?
19
What is the remainder when (-7052)/(-20) - 0 - (-8)/20 is divided by 24?
17
Suppose 244*b - 44 = 242*b. What is the remainder when 34 is divided by b?
12
Let y(h) = 4*h**3 + 2*h**2 - 19*h - 6. Calculate the remainder when y(4) is divided by 11.
8
Let o be (-1 + 4)*30/(-9). What is the remainder when ((-128)/(-80))/((-1)/(-5)) is divided by (2 + 0)/((-4)/o)?
3
Let p be (2/5)/(2/30). Suppose -4 = -4*d - 3*z + p, -6 = -3*d - 3*z. Let i(n) = -n**2 - 23*n - 32. What is the remainder when i(-2) is divided by d?
2
Suppose -5*z + 2*a + 206 = 77, -4*z + a + 105 = 0. Calculate the remainder when 51 is divided by (z + -1)*11/11.
25
Suppose -4*x + 18 = -2*r, 2*x = x + 3*r - 8. Let p(s) = -